 m = -15 + 18. Suppose -m*p + 720 = -414. Let s(n) = -p + 378 + 5*n**2. Give s(1).
5
Let y be (101 + 36708/(-368))*1/(1/(-4)). Let n(a) = -5*a**2 + 3 - 4*a + a + 3*a**2. Calculate n(y).
-32
Let c(v) = v**2 + 129*v + 1890. Let q be c(-17). Let h(l) = -l - 8. Calculate h(q).
6
Let d(f) be the second derivative of -5/2*f**3 + 116*f + 0 + 0*f**2. Give d(-1).
15
Suppose 0*j = -4*j - 24. Suppose -3*y + 5*h + 1227 = 0, -4*h - 299 = -y + 117. Let x(g) = y*g - 2 + 4 + 5 - g**2 - 410*g. Calculate x(j).
7
Let r(z) be the third derivative of -1/60*z**5 + 23 + 0*z - 7/24*z**4 - 2/3*z**3 + z**2. Give r(-7).
-4
Let h(b) = 1 - 5 - 1 + 3*b. Suppose -51*u + 38 = -120 - 199. Determine h(u).
16
Let n(t) = 6*t**2 - t + 1. Let z(b) = 23*b + 189. Let w be z(-8). Let l(v) = 11*v**2 - 2*v + 2. Let r(h) = w*n(h) - 2*l(h). Determine r(2).
31
Let c = 238 - 231. Let a be (c - 51/7)/((-1)/7). Let w(v) = 5*v**2 + 3*v - 2. Determine w(a).
24
Let x(q) = -q**2 - 6*q - 1. Let o = 28647 + -28656. Determine x(o).
-28
Let d(w) be the second derivative of -1/6*w**3 + 28*w + 1 + 3/2*w**2. Give d(-11).
14
Suppose 2*v + b = -21, 72 - 23 = -3*v + 2*b. Let c(j) = 2*j - 15. Determine c(v).
-41
Let o(x) be the second derivative of -x**4/12 - 2*x**3/3 - 5*x**2/2 - x. Let r be (-12 - (3 + -14))/((33/12)/11). Determine o(r).
-5
Let a = -12 - 32. Let g = -45 - a. Let c(k) = 17*k**2 + k. Calculate c(g).
16
Suppose 0 = 4*p + r - 16, -5*p - 6 = -5*r - 1. Let s(u) be the third derivative of u**5/60 + u**4/12 + u**3 + u**2 + 18*u - 928. What is s(p)?
21
Let z(l) be the second derivative of 5*l**3/6 - 41*l**2/2 - 19*l - 2. Let c be z(8). Let u(v) = -5*v**2 + 4*v**2 - 2 + 1 + 6*v**2 - v. Calculate u(c).
5
Let t(u) = 9*u**3 + 3*u**2 + 8*u + 6. Let r(i) = -i**3 - i - 1. Let n(c) = -6*r(c) - t(c). Let x(v) = -v - 4. Let g be x(-2). Determine n(g).
16
Let z(x) = 1. Let w(t) = -3*t + 3. Let d(c) = w(c) - 2*z(c). Let l be (-4)/10 + 1060/2650. What is d(l)?
1
Let g = 23 - 4. Let f(q) = -q**2 - 38*q + 21*q + 36*q + 14 - q. Determine f(g).
-5
Let j be (-72420)/(-80) - (-2 - 18/(-8)). Let u(b) = 904*b + 0 - j*b + 1 - 3*b**2 + 2*b**2. Calculate u(-7).
-41
Let w be ((-15)/45 - 4/6)*-32. Let h = 96 - w. Let a(n) = -23 - h*n**2 + n - 68*n**2 - n**3 + 132*n**2. Give a(0).
-23
Let b be -6 + (2/(-4) - (-9 + 306/36)). Let s(a) = 2*a + 5. Give s(b).
-7
Let v(s) = 62*s - 4026. Let a be v(65). Let c(n) = -12*n**2 + 11*n - 4. Calculate c(a).
-152
Let g(j) be the third derivative of j**5/60 + 19*j**4/24 + 11*j**3/6 + 2*j**2 - 376. Calculate g(-15).
-49
Let b be 2/9 + 202/(-18). Let r(s) = -s - 123. Let k(t) = 3*t + 494. Let d(u) = k(u) + 4*r(u). Give d(b).
13
Let b(h) be the third derivative of -h**6/120 - h**5/6 - 7*h**4/24 - 11*h**3/6 - 2*h**2. Suppose 581*j = 215*j - 2707 - 587. Give b(j).
-29
Let j = -12 + 15. Let u be (-27)/j*(-1 - 0). Suppose u*y + 0 = -18. Let q(t) = 3*t**2 - 1. Determine q(y).
11
Let a(z) = -609*z - 2. Let b(h) = -730*h - 2. Let i(p) = -6*a(p) + 5*b(p). Suppose s + 1 = 3*n - 1, 0 = -3*n + 5*s - 14. Let r = n + -4. Calculate i(r).
-6
Let j(c) = 2*c - 5. Suppose f = 2*z - 96, -10 = -z - 5*f + 16. Let u = z + -40. Calculate j(u).
7
Let t(l) = -52*l**2 + 47*l + 24. Let v(j) = -38*j**2 + 45*j + 23. Let z(x) = -3*t(x) + 4*v(x). What is z(-9)?
-7
Let r(s) = 41*s**2 - 16*s**2 - 25*s**3 - 1 - 11*s**2 + 11*s + 27*s**3 - 4. Give r(-6).
1
Let z(q) = 5*q**3 + 4*q**2 + 16*q + 3. Let m(u) be the second derivative of -u**5/10 - u**4/12 - u**3 - u**2/2 + 177*u. Let b(g) = -8*m(g) - 3*z(g). Give b(3).
-10
Let s(j) = -j - 4. Let b(p) be the third derivative of -p**4/24 + 5*p**3/6 + 5*p**2. Let m be b(6). Let v(h) = -h - 1. Let x(z) = m*v(z) - s(z). What is x(-7)?
-9
Let d(o) = 216*o**2 - 3 - 3 - 80*o**2 + 3 + 4*o - 137*o**2. Give d(9).
-48
Let c(t) be the first derivative of -110 + 14*t - 1/3*t**3 - 2*t**2. Give c(-6).
2
Let u(m) = -23155*m - 23163*m + 46317*m - 1 + 11. Let l = -19 - -28. Determine u(l).
1
Let p(t) = -4 + 3*t**2 - 3*t + 6 - 11 - 2*t. Let k(w) = 4*w**2 - 8*w - 13. Let x(j) = 5*k(j) - 7*p(j). Let l = 50 + -56. Determine x(l).
-8
Let w(q) = -5*q**2 - 2. Let x = -368 - -370. Let n be (26/39)/(x/(-9)). Determine w(n).
-47
Suppose -44*p = -67*p + 69. Suppose 5*i - p + 13 = 0. Let g(d) = 2*d + 6. Determine g(i).
2
Suppose -2*s + 3 = u, -2*u + 5*s - 4 = -u. Let g(j) be the first derivative of -26*j**3/3 + j + 1401. Calculate g(u).
-25
Let h = 2339 - 2344. Let f(i) = -i - 1. Determine f(h).
4
Let r(k) = -k + 21. Suppose 69 = 4*p + 3*y, 4*y + 27 = 4*p - 77. Calculate r(p).
0
Let o(c) = -c**2 - 24*c + 4. Suppose 15*m - 11*m = -2*b - 106, -3*m + 2*b - 62 = 0. Determine o(m).
4
Let s(k) = -k**3 + 2*k**2 - 4*k + 2. Let y be s(0). Let n(o) = -7*o**3 + 6*o - 3*o - 10 - 2*o + 5*o**y + 24*o**3 - 16*o**3. Determine n(-5).
-15
Let l(h) = 232*h - 1151. Let b be l(5). Let d(r) = r**3 - 8*r**2 - 12*r + 32. Calculate d(b).
5
Let w = -10 + 16. Suppose -j = -w*j. Suppose j*y = 2*y. Let s(z) = z**2 - 5. Calculate s(y).
-5
Suppose 0 = -2*i + o + 7, 0 = -3*i + 6*i + 2*o. Let h = -168 - -168. Let g(z) = -6 + 6*z - 3*z + 2 + h*z + 2. Give g(i).
4
Let h = 183 + -172. Suppose h*u = 16*u - 10. Let t(q) = q**2 + q. Determine t(u).
6
Let x be 18/4*(-16)/(-3). Suppose -27 = -3*n + x. Let d(u) = -46 + 5*u**2 + 23 + 2*u + n - u**3. Calculate d(5).
4
Let l(c) be the first derivative of 13*c**2 + c + 218. Calculate l(-3).
-77
Let f = 333 - 331. Suppose 3*l + 21 = t, -f*l - 8 = 2. Let n(u) = 2*u + 7. Calculate n(t).
19
Let x(w) = 5*w**3 + 5*w**2 - 13*w - 45. Let b(a) = -7*a**3 - 7*a**2 + 13*a + 45. Let l(z) = 3*b(z) + 4*x(z). Determine l(-3).
12
Let n = -1151 + 1161. Let d(y) be the third derivative of y**4/24 - 7*y**3/3 + y**2. Determine d(n).
-4
Let j(g) = g**2 - g + 1. Let v be j(3). Suppose 21*f - 24*f = -429. Let h(i) = -f*i + 136*i + i**2 + 4 + 0*i**2 + 6. Determine h(v).
10
Let d(r) be the first derivative of -r**3/3 + 15*r**2/2 + 28*r + 1411. Give d(16).
12
Let b(s) = -s**3 - 13*s**2 - 10*s + 16. Let p(o) = 15*o**2 - 476*o - 140. Let g be p(32). Give b(g).
-8
Let o(b) = 5*b + 13. Let y(c) = -4*c**2 - 31*c + 4. Let x be y(-8). What is o(x)?
-7
Let r(z) = -32*z + 147. Let y(j) = -34*j + 153. Let a(d) = -5*r(d) + 4*y(d). Calculate a(5).
-3
Let k be (0 - -16) + ((-2)/2)/(7/35). Let b(g) be the first derivative of g - 3/2*g**2 - k. What is b(2)?
-5
Let j be (-6)/4 + 240/32. Let h(l) be the first derivative of -l**4/4 + 4*l**3/3 + 5*l**2/2 + 2*l - 43. Give h(j).
-40
Suppose 12 = -43*a + 184. Let w(d) be the third derivative of -1/6*d**3 + 0*d - 19*d**2 + 1/4*d**a + 1/60*d**5 + 0. Calculate w(-4).
-9
Let x(q) = q**2 + 3 + 6*q**2 - q**2 - 6*q + q**3 - 2*q**3. Let g be x(5). Let t(y) be the first derivative of y**3 + y**2 - y - 6. Determine t(g).
7
Let t(c) = 2*c**2 - 15 + c**3 + 25 - 9 - c. Suppose -3*s + 5*d = 10, 5*s - 3*d + d + 4 = 0. What is t(s)?
1
Let b(k) = 6*k - 1. Suppose r = -4*y + 12, -3*r + 3*y = y - 8. Let j(u) = -3*u - r - u + 4 + 1. Let f(q) = -5*b(q) - 8*j(q). Determine f(-5).
-13
Let x = 32 + -33. Let q be ((2 - -9) + -2)/x. Let a be -3 + (-96)/q - (-2)/(-3). Let g(n) = -n**3 + 8*n**2 - 9*n + 10. Determine g(a).
-4
Suppose -b - n + 6 = 0, 4*b - 3*n - 6 = 3*b. Let h(r) = -2*r**2 - 8*r + 2. Let d be h(-4). Let c(f) = -13 + 25 + d*f - 16. Calculate c(b).
8
Let g(f) be the third derivative of f**4/24 + f**3/2 + 56164*f**2. Let o(c) = 8*c - 18 + 18. Let j be o(-1). Give g(j).
-5
Let a = 156 + -153. Let l(v) = -a*v + 2*v + 14 - 4*v - v**2 - 6*v. Calculate l(-12).
2
Suppose -18 = -g - 5*j - 22, 0 = 3*j + 3. Suppose 39*m - g = 38. Let q(k) be the third derivative of k**5/4 + k**2. Determine q(m).
15
Let w be 0 + 17 + (99 - 121). Let p(d) = -7*d**2 - 4*d - 4. Determine p(w).
-159
Let q = 16 + 6. Suppose 5*y + q = 3*a + 4*y, 5*a + 3*y - 32 = 0. Let n(j) = 4*j**2 - 1 - 13*j**2 + a*j**2 + 5*j + 3*j**2. Determine n(-4).
-5
Let q(v) = -4*v - 3. Let p(b) = 21*b + 28. Let a be (1/(-2))/(1*2/(-24)). Let r(z) = a*q(z) + p(z). Let o = 16 + -8. Calculate r(o).
-14
Let u(a) = -a**2 - 6*a + 5. Suppose 4*z + 192 = 4*v, 28*z - 27*z = -4*v - 23. Let w be ((0 - 0) + 37)*-1. Let t = z - w. What is u(t)?
5
Let b(s) = 3*s - 2. Let m = 127 - 24. Let p = 97 - m. Calculate b(p).
-20
Let z(j) = 41*j**2 + 4*j - 4. Let l(u) = -93*u**2 - 8*u + 8. Let m(h